16, what is -63d + -5?
-642
In base 3, what is -210 + 2101110?
2100200
In base 4, what is 21012 + -11?
21001
In base 12, what is -1219 - 10?
-1229
In base 9, what is 13 - -15?
28
In base 3, what is -101000112 + 0?
-101000112
In base 5, what is -1 - -1002?
1001
In base 15, what is 9 - 3ba?
-3b1
In base 4, what is 312 - 2211?
-1233
In base 3, what is 2 - 10220?
-10211
In base 7, what is 255 - 5?
250
In base 8, what is 3 - -674?
677
In base 8, what is 5 + 4?
11
In base 11, what is 4 - -690?
694
In base 2, what is 0 + 100110001100?
100110001100
In base 15, what is -2 - 14?
-16
In base 6, what is -2 - 42?
-44
In base 4, what is -32110 + 1?
-32103
In base 16, what is -1197 + 0?
-1197
In base 4, what is 223 + -10?
213
In base 9, what is 4 - -3814?
3818
In base 13, what is -a - 2?
-c
In base 9, what is 2 + -11184?
-11182
In base 7, what is 13121 + 1?
13122
In base 5, what is -111 - 40?
-201
In base 13, what is 321 + -4?
31a
In base 16, what is 4 + 50?
54
In base 5, what is 20424 - 0?
20424
In base 5, what is 30 + 4?
34
In base 10, what is 2 + 177?
179
In base 11, what is -1 - -493?
492
In base 4, what is 3 + 202?
211
In base 13, what is 4 + 32?
36
In base 9, what is -250 + 7?
-242
In base 8, what is -246 + 2?
-244
In base 9, what is 2 - 61?
-58
In base 2, what is -1001 - 10011?
-11100
In base 16, what is -133 - -8?
-12b
In base 8, what is -1 + -1423?
-1424
In base 3, what is 10 - -1000?
1010
In base 9, what is 27 + 554?
582
In base 15, what is cd + 14?
e2
In base 4, what is 10 - 330322?
-330312
In base 2, what is -111100 - -10010?
-101010
In base 5, what is -141 + 11?
-130
In base 10, what is -1 - 285?
-286
In base 14, what is 265c + -5?
2657
In base 11, what is -548 + -1?
-549
In base 7, what is 4 + 2355?
2362
In base 6, what is 33202 + -3?
33155
In base 5, what is 1 + 1044?
1100
In base 13, what is 2 - -414?
416
In base 5, what is -221 + -1411?
-2132
In base 10, what is -366 - 2?
-368
In base 3, what is -1000220 - 120?
-1001110
In base 13, what is 25 + 8?
30
In base 3, what is -120200 - -11?
-120112
In base 3, what is 2 - -100112?
100121
In base 7, what is 40 + 2062?
2132
In base 13, what is -33b - 4?
-342
In base 2, what is 0 + 11101001?
11101001
In base 16, what is 5 + fa6?
fab
In base 6, what is 222 - -335?
1001
In base 8, what is -3114 + -1?
-3115
In base 13, what is 113 + -29?
b7
In base 12, what is 3 + 1a9?
1b0
In base 3, what is -20 - 121?
-211
In base 2, what is 101 + 1101101?
1110010
In base 6, what is -3 + 1315?
1312
In base 7, what is 5 + 31?
36
In base 16, what is -38b + 5?
-386
In base 12, what is -2 - -89?
87
In base 9, what is 3 - 185?
-182
In base 7, what is 265 + -2?
263
In base 6, what is -1153 + -21?
-1214
In base 4, what is 1 - -3?
10
In base 13, what is 4 - 14b?
-147
In base 3, what is -1102210 - 11?
-1102221
In base 6, what is 134 - 0?
134
In base 16, what is 64 - -28?
8c
In base 10, what is 4 - -46?
50
In base 8, what is -4 - -4363?
4357
In base 8, what is -2 + 16?
14
In base 12, what is -8 + 10?
4
In base 13, what is -3 + -2b?
-31
In base 10, what is -1 + 2190?
2189
In base 9, what is 3666 - -5?
3672
In base 16, what is 30 + -5?
2b
In base 13, what is -b9 + 40?
-79
In base 5, what is -114 - -20?
-44
In base 5, what is 3411 + 4?
3420
In base 2, what is 1111111 + -111?
1111000
In base 5, what is 10 - 2221?
-2211
In base 16, what is 0 - ae?
-ae
In base 5, what is 31201 + -4?
31142
In base 16, what is 5b + -2?
59
In base 3, what is 2212122 + 10?
2212202
In base 8, what is -1 - 276?
-277
In base 8, what is -214 - -4?
-210
In base 14, what is 5 + -27d?
-278
In base 5, what is 1 - -1123?
1124
In base 7, what is 15 - -1652?
2000
In base 10, what is -29 - -3?
-26
In base 12, what is 5 - -405?
40a
In base 8, what is 4 - -43?
47
In base 7, what is 40 - 224?
-154
In base 12, what is -3a + 20a?
190
In base 10, what is 225 + -4?
221
In base 6, what is 5 + -1041?
-1032
In base 11, what is -26 - -a9?
83
In base 8, what is -175 + 3?
-172
In base 6, what is -114 + 3?
-111
In base 15, what is 5 + -d?
-8
In base 8, what is -530 + -40?
-570
In base 8, what is 5 - 1163?
-1156
In base 4, what is 32 + 3022?
3120
In base 8, what is -144 + 14?
-130
In base 4, what is 3 - 202320?
-202311
In base 13, what is 1 + 18?
19
In base 11, what is -23 - 4?
-27
In base 16, what is 30 + -2?
2e
In base 5, what is -2141 - 12?
-2203
In base 4, what is -2 - -230?
222
In base 8, what is 5 - 525?
-520
In base 13, what is 6571 - 3?
656b
In base 14, what is 8d0 - 0?
8d0
In base 3, what is -21 - -121?
100
In base 7, what is -24066 + 4?
-24062
In base 15, what is -1d2 + -c?
-1de
In base 2, what is -101000001001 - 100?
-101000001101
In base 11, what is 1 - -39a?
3a0
In base 6, what is -42544 + 5?
-42535
In base 5, what is 10 - -202?
212
In base 9, what is 48 - 4?
44
In base 6, what is 55401 - 4?
55353
In base 4, what is -33023 - -10?
-33013
In base 16, what is -4 + b68?
b64
In base 13, what is -7 - -4?
-3
In base 11, what is 63 - -5?
68
In base 14, what is -6 + 907?
901
In base 5, what is -10 + 14?
4
In base 14, what is -68ab + 4?
-68a7
In base 2, what is 1001 + -100011010?
-100010001
In base 13, what is -28 - -95?
6a
In base 3, what is -212102 - 0?
-212102
In base 4, what is -12221 + 22?
-12133
In base 6, what is 43 - -5?
52
In base 5, what is 3 - 2401?
-2343
In base 2, what is 10 + 100100?
100110
In base 13, what is 44 - -3?
47
In base 15, what is -e8 - 1?
-e9
In base 14, what is 114 + 0?
114
In base 6, what is 11051 + 1?
11052
In base 15, what is 3 - 1e5?
-1e2
In base 9, what is -3144 + 5?
-3138
In base 10, what is -52 - 3?
-55
In base 8, what is 32 - 25?
5
In base 15, what is -17b + -4?
-180
In base 14, what is d - -1a?
29
In base 12, what is -6 + -30?
-36
In base 7, what is -3 + -146?
-152
In base 14, what is 5 + 1cb?
1d2
In base 12, what is -296 - -4?
-292
In base 2, what is 1011011 + -1001?
1010010
In base 11, what is 5 + 9?
13
In base 3, what is 1021 - -200?
1221
In base 10, what is -926 - 13?
-939
In base 4, what is 220 + -202?
12
In base 16, what is -8 + 2b?
23
In base 3, what is 10 - 21022?
-21012
In base 15, what is 74a - 6?
744
In base 11, what is 3a - -258?
297
In base 15, what is -15 - -61?
4b
In base 12, what is 41 - -5?
46
In base 9, what is -2705 - 1?
-2706
In base 12, what is 6 - 7a?
-74
In base 14, what is -2 - -10?
c
In base 8, what is 152 + 4?
156
In base 10, what is -245 - 2?
-247
In base 10, what is -13757 - 1?
-13758
In base 16, what is 5 + -180?
-17b
In base 2, what is 10100010 + -101?
10011101
In base 14, what is -46 - 301?
-347
In base 5, what is 1 + 3?
4
In base 4, what is 11 + -1202?
-1131
In base 15, what is -b + 46?
3a
In base 7, what is -2225 - 6?
-2234
In base 10, what is 25 - -7?
32
In base 8, what is 3 + 12?
15
In base 16, what is -1 + -54?
-55
In base 11, what is -133 + -48?
-180
In base 6, what is -1315 + 3?
-1312
In base 5, what is 41 - -4?
100
In base 6, what is -10010 + 5?
-10001
In base 6, what is -4 + 4?
0
In base 13, what is 5 + 1b0?
1b5
In base 15, what is -3ad - 4?
-3b2
In base 8, what is -26 - 11?
-37
In base 11, what is -5 - 182?
-187
In base 16, what is 0 - -3e?
3e
In base 6, what is 3201 + -5?
3152
In base 10, what is 362 - -15?
377
In base 6, what is -1244 + 20?
-1224
In base 15, what is -a - 5?
-10
In base 11, what is -2 - -1040?
1039
In base 11, what is -2 - 57?
-59
In base 7, what is -24 + -22?
-46
In base 16, what is -2 + 3?
1
In base 10, what is 3 - 60?
-57
In base 7, what is 0 - -104?
104
In base 16, what is b6 - 3f?
77
In base 8, what is 127 - 0?
127
In base 11, what is 48 - -7?
54
In base 16, what is 1264 + 4?
1268
In base 2, what is 1111 - -10010?
100001
In base 15, what is 4 - -18?
1c
In base 6, what is 3 - 1225?
-1222
In base 9, what is 6 + 52?
58
In base 6, what is 113 - -3?
120
In base 4, what is -3 + -123?
-132
In base 6, what is 11025 - 3?
11022
In base 8, what is 3 - -5534?
5537
In base 2, what is -10001 - 0?
-10001
In base 3, what is 12 - -120?
202
In base 13, what is -b21 + 7?
-b17
In base 2, what is -101010110110001 + 1?
-101010110110000
In base 11, what is 3 + 148?
150
In base 7, what is -1 + 313?
312
In base 7, what is 344 - -11?
355
In base 5, what is -13212 - -2?
-13210
In base 11, what is 7 - 5?
2
In base 5, what is 13241 + -22?
13214
In base 16, what is -4a3 + -a?
-4ad
In base 10, what is -2 + 1